51 (base 6) in base 14?
-19da3
Convert -19237 (base 13) to base 9.
-73741
What is -23a13 (base 13) in base 7?
-361504
-324980 (base 11) to base 10
-518936
What is 5535153 (base 6) in base 4?
1003223031
What is 100000110010011101000 (base 2) in base 14?
1dd796
What is 19c782 (base 14) in base 11?
57776a
-23965 (base 12) to base 16
-bb9d
What is 1021201021 (base 3) in base 6?
313054
1240220131 (base 5) to base 16
2e9b50
Convert -432301312 (base 5) to base 7.
-21422514
-32429 (base 11) to base 6
-1002020
265143 (base 9) to base 16
275cd
What is 35440542 (base 6) in base 9?
2071048
What is -82a05 (base 16) in base 5?
-114110140
Convert 2538006 (base 9) to base 5.
323234043
b78a (base 15) to base 3
1222021011
What is -7a33601 (base 11) in base 4?
-311220220300
6c1ca9 (base 15) to base 14
988168
3002031331 (base 4) to base 13
21b128
What is 353233 (base 7) in base 4?
33201121
What is 373736 (base 9) in base 16?
37245
What is -350ce4 (base 16) in base 3?
-20112122010222
10011111011100110100 (base 2) to base 14
130028
Convert -a0a97 (base 14) to base 7.
-3166050
-4324043 (base 5) to base 12
-36754
Convert 64852c (base 16) to base 14.
c36a96
101122201120201 (base 3) to base 15
76d031
What is -126944 (base 11) in base 8?
-605440
-21100021000201 (base 3) to base 16
-3b8b94
Convert -1100001121 (base 3) to base 4.
-12122233
Convert -1755523 (base 9) to base 8.
-3575234
What is -16832 (base 9) in base 10?
-11612
Convert -1444310 (base 7) to base 13.
-6b2a6
1244515445 (base 6) to base 16
e198d5
What is 193912 (base 15) in base 2?
100101011100110011111
4c655a (base 13) to base 12
749b86
Convert -40721 (base 13) to base 12.
-56992
What is -117863 (base 12) in base 4?
-1011010023
1221011022102 (base 3) to base 13
29c3ba
Convert -182904 (base 16) to base 2.
-110000010100100000100
Convert -1214331131 (base 5) to base 14.
-551c88
What is -14f811 (base 16) in base 9?
-2524066
Convert 4653487 (base 9) to base 8.
11460775
35430414 (base 6) to base 7
12264001
What is -33044 (base 12) in base 9?
-112457
1212121 (base 4) to base 5
202203
What is -17949b (base 12) in base 5?
-101111411
Convert 53a90a (base 11) to base 2.
11010010110101100011
Convert 61211 (base 11) to base 5.
10330211
-20021033212 (base 4) to base 13
-599a2b
Convert 3334303 (base 5) to base 7.
333101
Convert 30434233 (base 5) to base 3.
110200000000
-84ab5 (base 12) to base 2
-101010100100101001
What is -129a23 (base 11) in base 12?
-99963
Convert 2427805 (base 9) to base 3.
2110221220012
What is -22ea1 (base 15) in base 5?
-12030201
74a2a (base 15) to base 2
1011010010111110101
What is -1304931 (base 11) in base 6?
-120244201
What is 68383 (base 14) in base 11?
163218
What is 7121 (base 10) in base 11?
5394
-6da9e (base 16) to base 6
-13343314
-543102254 (base 6) to base 3
-200012002101221
Convert -18a34 (base 11) to base 7.
-140236
Convert 13411b7 (base 13) to base 7.
102326125
Convert 1004173 (base 8) to base 3.
111102120110
What is 117073 (base 12) in base 15?
58736
Convert -f3599 (base 16) to base 7.
-11321003
What is -15543102 (base 6) in base 10?
-557966
Convert -1555323 (base 6) to base 10.
-93219
Convert 5df7a1 (base 16) to base 6.
335554213
-544545 (base 14) to base 8
-12707621
26da1 (base 16) to base 11
a9620
-22303233 (base 4) to base 11
-30297
Convert -111100110111110010 (base 2) to base 9.
-420013
1022012002012 (base 3) to base 11
433405
Convert 580a00 (base 11) to base 5.
214023333
What is 251604 (base 8) in base 5?
10240131
-263622 (base 8) to base 13
-32b8a
What is -777838 (base 11) in base 12?
-4b9836
636a2 (base 11) to base 12
45771
121514 (base 8) to base 5
2314204
Convert -101013211200 (base 4) to base 15.
-5d9980
Convert -260714 (base 8) to base 2.
-10110000111001100
What is 1516057 (base 8) in base 12?
18a83b
What is -26195 (base 13) in base 8?
-211703
Convert f00cd (base 16) to base 14.
1b847b
What is 317467 (base 12) in base 13?
214039
1101222121120 (base 3) to base 2
10110110100010011000
Convert 13104113 (base 6) to base 12.
188039
-8ac14 (base 13) to base 9
-424328
-12100202220 (base 3) to base 13
-39066
What is 2328b5 (base 16) in base 3?
11100001202001
What is -17186 (base 15) in base 2?
-10010001101101001
What is 1021330310 (base 4) in base 10?
302900
Convert -112310322 (base 4) to base 13.
-33732
What is 2df00 (base 16) in base 4?
231330000
36a2271 (base 11) to base 15
870471
-10022021102 (base 3) to base 2
-1111111000111001
Convert -14202550 (base 6) to base 8.
-1656702
What is -685571 (base 10) in base 7?
-5553515
206557 (base 9) to base 3
20020121221
-3312740 (base 8) to base 7
-10365506
Convert -1689708 (base 10) to base 6.
-100114420
673a97 (base 12) to base 5
410114013
-747440 (base 8) to base 14
-66d8c
-102116505 (base 7) to base 11
-3443146
What is 1571814 (base 13) in base 14?
cb3a7d
Convert -3300000 (base 7) to base 13.
-1117a4
12201202121 (base 3) to base 8
334266
1001341 (base 5) to base 9
23656
3031054 (base 6) to base 8
431352
What is -232640 (base 7) in base 14?
-11357
-50033 (base 6) to base 4
-1211211
10223323122 (base 4) to base 5
303303011
-228ab (base 16) to base 5
-14011413
What is ab60c (base 16) in base 3?
1022122220200
Convert -c28089 (base 15) to base 16.
-8d012f
What is -101111001010011 (base 2) in base 3?
-1020010100
99f3 (base 16) to base 8
114763
-1101201012110 (base 3) to base 4
-2311031331
145013 (base 11) to base 5
24220114
Convert -2216311 (base 8) to base 13.
-17ba8c
What is 1314667 (base 10) in base 2?
101000000111101101011
What is 497a2b (base 16) in base 14?
8d4c55
Convert 1223485 (base 9) to base 12.
280b95
What is -10100111111100100 (base 2) in base 13?
-301a6
Convert -1430717 (base 8) to base 14.
-a7d39
Convert 536884 (base 9) to base 6.
10505334
b43c8 (base 13) to base 8
1170056
What is 2ca54 (base 13) in base 2?
10100110011111101
ba912 (base 12) to base 13
8838b
What is -90b49 (base 13) in base 7?
-2126004
Convert -6123245 (base 10) to base 11.
-3502537
What is 112120202220211 (base 3) in base 9?
15522824
What is -2893f (base 16) in base 11?
-103968
What is 43774777 (base 8) in base 6?
534123315
What is 430011 (base 5) in base 7?
56633
Convert -292278 (base 11) to base 6.
-13443032
Convert -103123321 (base 4) to base 7.
-451045
Convert 37307 (base 11) to base 5.
3203420
-1022000121011 (base 3) to base 14
-13d309
Convert -9f (base 16) to base 14.
-b5
1410765 (base 9) to base 16
bd2a8
Convert 21310 (base 10) to base 12.
103ba
17053 (base 14) to base 15
12167
What is -11100011100010001 (base 2) in base 13?
-41044
What is -1433120 (base 9) in base 14?
-167a86
What is -7d26e (base 15) in base 9?
-667045
-2248 (base 16) to base 11
-6659
Convert -3a9a34 (base 13) to base 15.
-1d1080
-320041412 (base 5) to base 2
-101000100111010101001
13366a (base 16) to base 14
24ac0a
-1b274b (base 15) to base 7
-14154641
Convert -2151170 (base 9) to base 15.
-17c609
1102011122222 (base 3) to base 7
6246353
What is 4805 (base 14) in base 8?
30405
4424302 (base 6) to base 12
a8092
Convert 15c102 (base 14) to base 15.
10113a
What is 176273 (base 8) in base 6?
1215311
132110120 (base 4) to base 2
11110010100011000
Convert -10100110111010111 (base 2) to base 5.
-10213323
-1143231121 (base 5) to base 9
-5082318
Convert 123132132020 (base 4) to base 16.
6de788
Convert 11872a (base 13) to base 12.
182335
-10021102122000 (base 3) to base 10
-1740582
Convert -241303444 (base 5) to base 2.
-100010001010000010001
-3a9715 (base 13) to base 5
-330423323
Convert 101052442 (base 6) to base 3.
10021001201022
Convert 10122010112 (base 3) to base 5.
4242122
What is 20110111 (base 4) in base 16?
8515
What is 3bdc1 (base 16) in base 4?
323313001
Convert -2069970 (base 10) to base 6.
-112211110
16ca3 (base 16) to base 13
33647
What is 13777 (base 14) in base 8?
135775
What is 87e2dd (base 15) in base 12?
2204517
3035413 (base 6) to base 15
2cec9
1050010012 (base 6) to base 2
101011110010011010011000
Convert 38109 (base 11) to base 12.
277a5
10000010101011110000001 (base 2) to base 12
1526195
Convert 111111212122 (base 3) to base 8.
1007412
What is 5334425 (base 6) in base 9?
437658
-243113432 (base 5) to base 3
-2011011110111
Convert 13cdac (base 15) to base 6.
32244313
What is -133113200 (base 4) in base 11?
-88590
Convert -59884 (base 11) to base 7.
-506304
What is -32